1*m + 24 - 22*m. Determine u(15).
-10
Let u(n) = n**3 - n**2 - n - 12. Suppose -7*k = k - 0*k. Give u(k).
-12
Let f(u) = -8*u**2 - 11*u - 1. Let w(g) = 16*g**2 + 20*g + 2. Let l(i) = -11*f(i) - 6*w(i). Give l(1).
-8
Let p(y) = 5*y + 39. Suppose r = 3*m + 28, -5*m + 16*r - 12*r - 49 = 0. Calculate p(m).
-6
Let b = -97 - -103. Let k = -2 + 2. Suppose k = -b*z + 5*z + 6. Let l(g) = -g**2 + 5*g + 5. Determine l(z).
-1
Let s(u) = 6*u**2 - u - 1. Let q = -44 - -54. Suppose 4*l + o = -4, 0 = -3*l + 2*o - 6*o + q. Calculate s(l).
25
Let h(n) = -15*n - n + n**3 + 41*n - 13*n**2 - 14*n. Calculate h(12).
-12
Suppose -14 = -r - 18. Let o be 9/6 + r/8. Let d(u) = o - 3 - u**2 + 0*u - 3 - 9*u. What is d(-6)?
13
Let m(d) = d**2 + 3*d - 3. Let k(t) = 4*t**2 - 128*t + 3. Let j be k(32). Determine m(j).
15
Let n(f) = -2*f**3 + f**2 + 6*f - 1. Let z = 1622 + -1624. Give n(z).
7
Suppose -p = -3*c - 4*p + 81, -4*c - 2*p + 108 = 0. Let o(i) = c - i + 36 - 71. Determine o(-6).
-2
Suppose 57 = 6*w + 27. Let m(f) = -f**2 + 4*f + 2. Calculate m(w).
-3
Let r(w) be the first derivative of 0*w + 3 + 3/8*w**4 - 1/40*w**5 + 0*w**2 - 5/3*w**3. Let x(k) be the third derivative of r(k). Calculate x(6).
-9
Let g(l) be the second derivative of -l**4/6 - 13*l**3/6 - 3*l**2/2 - 3*l - 1. Calculate g(-6).
3
Let h(j) = j**2 + 20*j - 73. Let x be h(-23). Let c(d) = 2*d**2 + 8*d - 1. Give c(x).
-1
Let y be (1/2)/(4/(-16)). Let i be (y/6)/(2/6). Let p be (-3)/(-6)*0 - i. Let s(z) = 7*z**2 + z - 1. What is s(p)?
7
Suppose -b = 4*b - 15. Let w(j) = -2*j - 7*j**2 - 10 - j**3 + 5*j**3 - 5*j**b. Let v be w(-7). Let d(r) = -r**2 + 4*r + 4. Calculate d(v).
4
Let y(c) = c**2 - 98*c + 194*c - 2 + 1 + 0*c**2 - 100*c. What is y(-3)?
20
Let o(y) = 3*y - 10. Let u be 5 + (-7 + -3)/(-2). What is o(u)?
20
Let m(n) be the third derivative of n**5/30 + n**4/12 - n**3/2 + n**2. Let a(c) = -c - 6. Suppose 17*z + 46 = -5. Let j be a(z). Determine m(j).
9
Let z be (-10)/3 + (-13)/273*-7. Let y(d) = 6*d + 12. Give y(z).
-6
Let a(m) = -4*m - 1. Let y = 178 - 16. Let r = y - 161. Give a(r).
-5
Let n(o) be the third derivative of -o**6/120 - 7*o**5/60 - o**4/4 - o**3/3 + 38*o**2. Give n(-6).
-2
Let k(z) = -2*z. Let w(f) = -11*f - 16. Let a(s) = 5*k(s) - w(s). Calculate a(-9).
7
Let n(a) be the third derivative of 11*a**5/60 - a**4/8 + a**3/3 + 101*a**2. Give n(1).
10
Let o be -3 - (-6)/(1 + -3). Let f be o/3 + 4 - -2. Let v(y) = -5*y**2 - 3*y**2 + 0*y**2 + 3*y - f*y. Calculate v(-1).
-7
Let b = 115 - 121. Let w(z) = -z**3 - 6*z**2 + z + 4. Calculate w(b).
-2
Let i(c) = 7*c + 17*c**2 + 11*c**2 - 2*c - 5 - 27*c**2. Let f be -1 - (-3 - -2) - -4. Suppose -12 = f*m - 2*m. Calculate i(m).
1
Let h(o) be the first derivative of -1/120*o**5 - 1/3*o**3 + 0*o**2 - 6 - 1/8*o**4 + 0*o. Let z(i) be the third derivative of h(i). What is z(0)?
-3
Let x(u) = -u - 16. Let n(a) = -a**2 - 1. Let d(f) = 2*n(f) - x(f). Let m(v) = -v**2 + 7. Let b(g) = -4*d(g) + 9*m(g). Determine b(-6).
-5
Let w(h) = 3*h + 1. Let d(f) = f**2 - 5*f + 3. Let y be d(4). Let g be 8/4*-2 - -5. Let i = y - g. Determine w(i).
-5
Let u(s) be the third derivative of 13*s**4/24 - 93*s**2. What is u(1)?
13
Let f = -7 + 1. Let a(h) = -1 - 5*h**2 + 3*h + 13*h + 7 - 10*h - h**3. Give a(f).
6
Let r(a) be the first derivative of a**4/2 - 2*a**3/3 - 2*a**2 - a + 17. What is r(3)?
23
Let x(o) = -2*o + 1. Let k = 51 - 22. Let n = k - 42. Let r = n - -18. Give x(r).
-9
Let g(i) = i**3 - 6*i**2 + 5 + 4*i**2 - 1 - 4*i. Let w(p) = -3*p**3 + 3*p**2 + 9*p - 9. Let k be ((-2)/(-4))/((-10)/40). Let t(r) = k*w(r) - 5*g(r). Give t(-2).
2
Let k(u) = 2*u - 7. Let l(p) be the third derivative of 5*p**4/12 - 6*p**3 - 4*p**2. Let y(b) = -11*k(b) + 2*l(b). Calculate y(-5).
15
Let f be (-2*(-10)/8)/((-2)/4). Let u(p) = -p**3 - 5*p**2 - 2*p. Calculate u(f).
10
Let m(y) = -y**2 + 0*y**2 - 57*y**3 + 1 + 2*y**2 - y + 30*y**3. Let f be 7/(-28)*(9/(-3) + -1). Calculate m(f).
-26
Let h(j) = -j**3 + 7*j**2 + 2*j - 1. Let r be h(7). Let q(d) = d**3 - 13*d**2 + d. Let b be q(r). Let s = b - 9. Let u(w) = -w - 5. What is u(s)?
-9
Let z(a) = a**2 - a + 15. Let o = -3 - -5. Suppose -5*q - 3*k = -12, -4*k + 3 = q + 4. Suppose b = o, 2*r - 5*b = -q*r - 10. Give z(r).
15
Suppose 5*d - 5 - 5 = 0. Let n(y) = -5*y**2 + 0*y**2 - 1 - y**3 + y**d + 3. Calculate n(-4).
2
Let o(r) = -r**3 + 3*r**2 + 21*r - 19. Suppose -65*n = -403 + 13. What is o(n)?
-1
Let v(h) = -h + 8 + 2*h - 1. Let i(r) = r**2 - 12*r + 20. Let g be i(10). Let q be 13/(39/(-18)) + 1 + g. What is v(q)?
2
Let r be 13/13 - (-2)/2. Let q(n) = -17*n**3 + n**2 + 2*n + 3. Let t(v) = 6*v**3 - v - 1. Let m(w) = 4*q(w) + 11*t(w). Calculate m(r).
-5
Let g(k) be the first derivative of -k**4/4 - 4*k**3/3 - k**2 - 2*k + 1. Suppose n - 1 + 6 = 0. Let p be ((n - 1) + 7)/((-2)/6). What is g(p)?
-5
Let f(z) = -4*z**3 + z**2 + z - 1. Let q be f(1). Let y(o) = 1 - 4 + 6 + 5*o. Let d(j) = 4*j + 3. Let c(g) = 6*d(g) - 5*y(g). Calculate c(q).
6
Let u(y) = -2 - y**3 - y**3 - 6*y + y**3 + 0*y**2 - 5*y**2. Suppose 0 = -5*q + 4*q - 4. Give u(q).
6
Let l(b) = b**2 + 6*b + 5. Let j be (-2)/(-7) - (-748)/28. Let p = j - 10. Suppose 5*c + p + 3 = 0. Determine l(c).
-3
Let u(v) = 4*v - 29. Let w(b) = -b + 7. Let j(z) = -2*u(z) - 9*w(z). Suppose -70*c + 73*c + 2*p - 4 = 0, -16 = -5*c - p. Determine j(c).
-1
Let h = -9 - -3. Let d(s) = s**2 + 6*s - 2. Let a be d(h). Let f(v) = -v**2 - v - 1. Let n(j) = -7*j**2 - 6*j - 6. Let y(u) = -3*f(u) + n(u). What is y(a)?
-13
Let o(a) = a**3 - 5*a**2 - 8*a + 5. Suppose -16 = -z - 11. Suppose -z*j + 42 = -3*h, 5*j = j - 3*h + 12. Determine o(j).
-7
Let b(m) = -15 - m + m**3 + 37 - 3*m**2 - 21. Suppose 0 = -4*p + 16 - 0. Determine b(p).
13
Suppose -3 = 3*f - 2*f. Let p = f - -5. Let g(r) = -r - p*r - 1 - r + 7*r. What is g(-3)?
-10
Suppose 2*j - 20 = -3*j. Let z = j + -11. Let x(q) = -q**2 - 5*q + 8. Determine x(z).
-6
Suppose 0 = -i - 4*r - 3, 2*r + 12 = 3*i + 7*r. Let t be i + -6 - (4 - 1). Suppose -3*x + 7*x + 24 = t. Let s(v) = -v**2 - 6*v + 6. What is s(x)?
6
Let i = -19 + 21. Let v(d) = 17*d - 2*d**i + 4*d**2 - 6 - d**2 - 12*d. What is v(-6)?
0
Let b(m) = m**3 + 3*m**2 + 2*m + 2. Let w = -77 - -79. Suppose -o + 12 = -5*t, -9 = 6*t - t - w*o. Give b(t).
-4
Let r(i) be the third derivative of i**7/2520 - i**6/360 - i**5/12 - 8*i**2. Let t(v) be the third derivative of r(v). Give t(-3).
-8
Let c(g) = 10*g**3 - 29*g**2 + 42*g - 23. Let m(u) = -3*u**3 + 10*u**2 - 14*u + 8. Let j(o) = 2*c(o) + 7*m(o). Determine j(11).
-23
Let p be -1 - -2*(1 + -5). Let t be (7 - 4)*15/p. Let d(u) = u**3 + 5*u**2 - 2. Calculate d(t).
-2
Let r = -441 + 453. Let y(h) = h**2 - 11*h - 18. Determine y(r).
-6
Let l(p) = p**2 - 3*p - 1. Let d(c) = 3*c**2 - 5*c - 2. Let n(y) = 2*d(y) - 5*l(y). Let b = 13 + -11. Suppose 2*f = -b - 8. What is n(f)?
1
Suppose -3*u + 27 = -12. Let s(h) = -u*h - 2 - 2 + 5. Let c(g) = g**2 + 16*g + 29. Let x be c(-14). Give s(x).
-12
Suppose 8*d - 4*d - 12 = 0. Let q(p) = p. What is q(d)?
3
Let l(k) = k**2 + 10*k + 9. Let p be l(-9). Suppose -4*d = -1 - 23. Suppose p*q = 5*i + q + 22, 5*q = i - d. Let o(j) = 3*j + 4. What is o(i)?
-8
Suppose -5*j + 42 = -3. Let g be 3/(7/((-42)/j)). Let o(c) be the third derivative of c**4/24 + c**3/6 - c**2. Determine o(g).
-1
Let l(h) = h**2 + 6*h - 8. Let r be l(-6). Let s(w) = 1 + 8*w + 4*w - 4*w + 0*w. Let k(z) = -12*z - 1. Let q(u) = r*s(u) - 5*k(u). Give q(-3).
9
Suppose 4*h - 2 = 10. Suppose -v - s = -4, -s - 14 = -4*v - h. Let g(a) = 10*a**3 - 18*a**v - 1 - a**3. Determine g(-1).
8
Let v = 3 + -1. Let c = 9 - 10. Let q(l) = -4*l - 5. Let j(k) = k + 1. Let z(s) = c*q(s) - 3*j(s). Determine z(v).
4
Let y = -14 - -20. Let c be y/(-5)*240/18. Let t = -15 - c. Let f(l) = 6*l**3 + 2*l - 1. Calculate f(t).
7
Let m(u) = -u + 0*u + 8*u - 2*u. Let y(f) = -4*f + 39. Let a be y(10). What is m(a)?
-5
Let l(o) = -o**2 - 6*o - 4. Let y = -3 - -3. Let p be ((-6)/1)/3 + y. Let a be (p/(-4) - 2)*2. Determine l(a).
5
Suppose 2*f - 9 = -r - 4*r, -15 = -5*r. Let y(h) = h**3 + 4*h**2 + h - 3. Calculate y(f).
3
Let c(j) = 2*j - 8. Let q(d) = -1. Let x(g) = -5. Let w(n) = -4*q(n) + x(n). Let h(t) = -c(t) + 3*w(t). Calculate h(4).
-3
Let q(m) = m**3 - 8*m**2 + 3*m + 7. Let c(w) = -3*w**3 + 25*w**2 - 9*w - 21. 